118. Is j prime?
True
Suppose -3*x - 51493 = -5*t - 4*x, -2*t + 20588 = 5*x. Is t a prime number?
False
Is (-4)/14 - (106200/(-35) + -1) prime?
False
Let r be 45/(-9) - (-2 - 163). Is 1310*(144/r - (-2)/(-5)) prime?
False
Suppose -5*b + 3*x + 4952 = 6*x, -x - 2974 = -3*b. Is b a prime number?
True
Suppose 0 = -2*y + 8. Is 1055 + 0*y/16 composite?
True
Let o = -127 + 131. Suppose o*d - g + 2*g = 5751, 5*g = 5*d - 7220. Is d a composite number?
False
Suppose -4*l - 46450 = -3*m, m - 2*l = 1261 + 14219. Suppose -y + m = 4*y + r, r - 3094 = -y. Is y a prime number?
False
Is 6361*(2/4)/((-6)/(-36)) composite?
True
Suppose -12766 = -2*o + 3*w, -6385 = -8*o + 7*o + w. Is o a prime number?
True
Suppose -2827 - 10115 = -3*l. Let p = 2856 - l. Let n = 2935 + p. Is n a prime number?
False
Let p(m) = 31*m**3 - 7*m + 17. Is p(4) composite?
False
Suppose -382*y - 37545 = -397*y. Is y a composite number?
False
Let g(s) = -1286*s + 101. Is g(-6) a composite number?
False
Suppose 5*m = -5*f + 20, 0*f + f - 5*m + 14 = 0. Let i be (f + 0 - -1) + -3. Let q = i + 23. Is q a prime number?
False
Is 4/4*(395 + 2) a prime number?
True
Suppose -2*y = 7*i - 4*i - 20565, -27425 = -4*i - y. Is i prime?
True
Suppose 2*b = 4*d, 2*b - 2*d + 0*d = 4. Suppose b*l = -3*t + 35186, -l + 2*l - 5*t - 8785 = 0. Is l prime?
False
Let z(d) = 2*d + 9. Let w be z(-3). Let j(r) = -17*r + 3. Let g be j(w). Let q = -13 - g. Is q composite?
True
Let v = -441 + 620. Let u be 200/2 + (-4)/(-2). Let o = v - u. Is o a composite number?
True
Let f(m) be the first derivative of 34*m**3 - 13*m**2/2 + 9*m + 28. Is f(-4) prime?
True
Suppose -3*h - 112 + 121 = 0, r = 5*h + 464. Is r a prime number?
True
Suppose 0 = 2*x - 0*x - 10, -2*x + 45747 = d. Is d a composite number?
False
Is (-162 + -2 + 1)/(1/(-7)) a prime number?
False
Let b = -23 - -28. Suppose y + 3*y + 5575 = b*p, 1115 = p - 5*y. Is p prime?
False
Let b(d) = -d**3 + d**2 + 4*d + 2. Let v be b(-4). Let y = 225 - v. Suppose k - y = -2*k. Is k a composite number?
False
Let o be -65 + (6/(-1))/3. Let r = -42 - o. Let z = 62 - r. Is z a prime number?
True
Is 10*11586/4*(-2)/(-6) a prime number?
False
Let p = -15 + 18. Let v be (-2 + (-32)/(-12))*p. Suppose v*u + 53 = 3*u. Is u a composite number?
False
Let o(g) = 18*g - 1. Let u be o(-5). Suppose 5*j - 2*n - 710 = 0, 0 = -3*j + 2*n - 30 + 460. Let d = j + u. Is d composite?
True
Let l = 850 + 105. Is l composite?
True
Suppose -5541 = -5*b + 6974. Is b composite?
False
Let o(w) = w**3 - 3*w**2 + 2*w + 82. Is o(0) composite?
True
Suppose -5*n + 26 = 3*b, -3*b - 6 = -3*n - 0. Suppose h + 205 = -5*t + 575, -n*t = 5*h - 317. Suppose o - t = 18. Is o composite?
True
Suppose -2*p - 33 = i, 4*p - 3*i = p - 45. Let x be (-938)/(-13) + 14/(-91). Is p/x + 3057/27 a prime number?
True
Let p(f) = f**3 - 3*f**2 - f + 1. Let n be p(3). Let r be n*(3 + 166) + -1. Is -1 - r - 33/11 a composite number?
True
Let j = -107 + 7809. Is j prime?
False
Is (74/6)/((-4)/(-1284)) a composite number?
True
Suppose 0 = n + 12*x - 11*x - 530, -2117 = -4*n - x. Is n a prime number?
False
Let l(s) = 3*s + 1993. Is l(0) a prime number?
True
Suppose -5*f - 655 = -3225. Let u be 5/20 + 14/8. Is (u/(-4))/((-1)/f) composite?
False
Let g = -7267 - -13166. Is g composite?
True
Let k(p) = 63*p**2 - 13*p - 57. Is k(-4) composite?
True
Suppose 160 = 5*o - 2*v, -o + 3*v = -0*o - 19. Suppose -29*c - 1055 = -o*c. Is c prime?
True
Suppose 4*r - 10 = -5*p + 1, -1 = r + 5*p. Suppose -3219 = n - r*n. Is n prime?
False
Is 1553 - -1 - 50/40*-4 a composite number?
False
Suppose v = 3 + 2. Let u(x) = -70*x + 3. Let l(q) = 35*q - 1. Let r(z) = v*l(z) + 2*u(z). Is r(4) a composite number?
True
Suppose 2*j - 13 = 7. Suppose 3*c = -2*c - j. Is c/13 - (-4383)/13 prime?
True
Let v(l) = l + 13. Let b be v(-12). Suppose -2*c = -87 - b. Let h = -25 + c. Is h a composite number?
False
Let x(f) = -33*f - 2. Let y be x(-1). Let a = 35 - y. Is 624/a + (-2)/(-1) composite?
True
Let q be (-20)/((-3)/171*-6). Let c = q + 727. Is c composite?
True
Let a = 9 - 6. Let u = 214 + -161. Suppose -a*f = m - u, 2*m + f - 106 = 3*f. Is m prime?
True
Let w(o) = 13*o**2 + 29*o - 101. Is w(16) a composite number?
False
Let o(w) = 2*w**2 - 2*w - 4. Let t be o(-5). Let m be 58/8 - 14/t. Suppose -12*y + 1895 = -m*y. Is y composite?
False
Let b(o) = 57*o**2 - 7*o + 7. Let z(n) = -170*n**2 + 22*n - 20. Let p(r) = -11*b(r) - 4*z(r). Is p(3) a prime number?
False
Suppose -11*j + 8*j = 597. Let r = -66 - j. Is r prime?
False
Suppose -4*t = i + i - 2764, 0 = 4*t - 2*i - 2764. Let p = -262 + t. Let n = p - 286. Is n prime?
False
Suppose 3*l = -t - 107 - 32, -t - 132 = -4*l. Let s = -81 - t. Is s composite?
True
Let h = 35 - 9. Let d = h + -13. Is d prime?
True
Is 750 + ((-1)/(-3) - (-10)/15) a composite number?
False
Is ((0 - -2292)*-4 - 5)/(-1) prime?
True
Is 1 - ((-14543)/4 + 11/(-44)) prime?
True
Suppose j = -2*p + 25707, 0 = p + 5*j - 8*j - 12850. Is p prime?
True
Suppose a - 6793 = -4*a + 4*b, 3*b + 1352 = a. Is a prime?
True
Let k(m) = 2*m**3 + 2*m**2 - m. Let y be k(1). Suppose 2*n - y = 5. Is n/14 + 1374/42 prime?
False
Suppose -7*o = -9*o + 2546. Is o composite?
True
Let b(l) = 22*l**2 - 5*l + 30. Let k be b(-8). Let s = k - -263. Is s a composite number?
False
Is (-11427)/(-6) - ((-27)/6)/(-3) prime?
False
Let v(x) = -120*x - 3. Let b(l) = -119*l - 4. Let u(a) = 4*b(a) - 5*v(a). Is u(3) a prime number?
False
Let t(y) be the third derivative of y**5/15 + y**4/6 - y**3/6 + 2*y**2. Let a = 165 + -171. Is t(a) a prime number?
False
Let p(k) = -3*k + 3239. Let f be p(0). Suppose -t - t - v = -f, -2*t + 3236 = 2*v. Is t prime?
True
Suppose 0 = 711*u - 693*u - 22590. Is u composite?
True
Suppose c = 1875 - 98. Is c composite?
False
Suppose 3*b - 5*u = 1661, b + 175 = -2*u + 736. Is b a composite number?
False
Let l be (-15)/2*(-4)/(-1). Suppose -2*w + 11 = 31. Is (-1212)/w + 6/l prime?
False
Let w(r) = 6*r**3 + 2*r**2 + 5*r - 8. Suppose -2*d - 15 = -7*d. Is w(d) a prime number?
False
Let g be (3 - 2)*6*(-3)/3. Is -2*(-3)/g*-157 a composite number?
False
Suppose -2 = -5*k + 8. Is (k/(-3))/(1546/(-1542) + 1) a composite number?
False
Let n(w) = 148*w + 26. Let h be n(11). Suppose 5*t + 3*s - 8282 = 0, -t + 2*t + 3*s = h. Is t prime?
True
Let k(n) be the first derivative of 51*n**2/2 - 27*n - 18. Is k(20) composite?
True
Let l(s) be the first derivative of -61*s**4/4 + s**2 + 3*s - 2. Suppose -24 + 34 = -5*h. Is l(h) a composite number?
False
Let g = -4 - 1. Let d = -1 - g. Suppose 395 = -d*k + 9*k. Is k a composite number?
False
Let r(n) = 50*n - 3. Suppose 4*x + 2*t - 6 = 0, -4*t = 4*x + t - 3. Is r(x) prime?
True
Suppose -578 = 4*b - 8914. Suppose b = 15*q - 11*q. Is q composite?
False
Let g(c) = -c - 7. Let f be g(-11). Suppose -84 = -2*b + 2*w + 884, -5*b = f*w - 2447. Is b composite?
False
Suppose -5*y + 145 = 5. Let q = y - 14. Is q a prime number?
False
Let h(m) be the third derivative of 1/12*m**5 + 0 - 4*m**2 + 0*m + 2*m**3 + 1/12*m**4. Is h(-5) a prime number?
True
Let k(j) be the third derivative of 83*j**5/30 - j**4/24 + j**3/6 - j**2. Is k(1) a prime number?
False
Let g(p) = 2*p**2 + 35*p + 22. Let f be g(-17). Suppose -3767 = -3*w - f*c, -8*w + 5*c + 3727 = -5*w. Is w a prime number?
True
Suppose -5*y + 0*b - b = -22, 3*y - 4 = 4*b. Let a be (-4 - y/(-2))*-4. Is (267/12)/(2/a) prime?
True
Let a(c) = 281*c + 86. Is a(7) a prime number?
True
Suppose 5*u = -2*t + 22815, -30931 = -4*u - t - 12682. Is u composite?
False
Let v be (-10755)/36 + (-1)/4. Let p = -133 - v. Is p a composite number?
True
Suppose 2*l + 3*m - 5918 = 6*m, -m - 11826 = -4*l. Suppose 90*s - 83*s - 21 = 0. Suppose a - l = -s*a. Is a prime?
True
Suppose 2*o + 5*f = 1482, 2*o - 1445 = 4*f + 55. Let k = 4 - 1. Suppose o = k*s - s. Is s prime?
True
Let z(y) = 4*y + 8 + 6 + 14 + 10*y**2 - 25. Let f = 1 + -3. Is z(f) a prime number?
False
Let d be -18 - -18 - (156 - 1). Let f = d + 304. Is f prime?
True
Let g = -4072 + 2125. Let d = -980 - g. Is d prime?
True
Let t(l) = 341*l + 53. Is t(28) a composite number?
False
Suppose -m = -2*m - 7. Let g(k) = 3*k**2 - 4*k - 6 - k - k. Is g(m) prime?
False
Suppose 0 = 5*g - 3*x + 111, -x + 5*x - 8 = 0. Let z = 134 - 192. Let k = g - z. Is k a composite number?
False
